 3. Let s be n(-6). Let l(z) = z + 10. What is the units digit of l(s)?
3
Suppose 0 = -2*o - 10, s + 117 = 4*s + 3*o. What is the units digit of s?
4
Suppose 2*w + 2*k = 48, k = 2*w - 3*k - 48. What is the units digit of w?
4
Suppose 144 + 0 = 2*j - d, -3*j + 230 = -5*d. Suppose 2*h + 2*k - 28 = 0, 0*h + 5*h - 5*k = j. Suppose 0 = f + f - h. What is the units digit of f?
7
Suppose 3*w - 600 = -2*w. What is the tens digit of w?
2
Suppose 5*n - 66 = -2*g, -g + 4*n + 132 = 4*g. What is the units digit of 1/(-7) - (-312)/g?
1
Suppose -q + 31 = -19. Let j = -26 + q. What is the units digit of j?
4
Suppose -4*i = -55 - 85. Suppose -4*d = 4*v - 20, 6*d - 15 = 3*d + 4*v. Suppose -5*t = -d - i. What is the units digit of t?
8
Suppose -39 = -2*o + s, 3*o - 3*s = 4*o - 37. Suppose -o = -0*z - 2*z. Suppose -3*y + 0*y + f = -16, 0 = -3*y + 2*f + z. What is the units digit of y?
7
What is the tens digit of (-32)/(-1 - (1 + 0))?
1
What is the units digit of (-28 - 3)*-1*1?
1
Suppose 0*b - 21 = -5*b + 2*m, -b + 4*m = -15. Suppose 29 + b = -4*z. Let p = -6 - z. What is the units digit of p?
2
Suppose 4*u = 2*b - 222, -133 = -3*b + 5*u + 199. What is the units digit of b?
9
Suppose 0 = 5*m - 39 - 71. What is the units digit of m?
2
Let o be -2*(-11 + (0 - 1)). What is the units digit of (-6)/o + 282/8?
5
Let d(o) = o**2 - 2*o + 4. Let p be d(4). Let b be ((-8)/p)/(2/(-9)). Let v = b - -2. What is the units digit of v?
5
Suppose -5*f - 5 = -0. What is the tens digit of 12 + (f - (0 + 0))?
1
Suppose 10*r = 11*r - 24. What is the tens digit of r?
2
Let t(x) = x**3 - 2*x**2 - 2*x + 4. What is the hundreds digit of t(6)?
1
Suppose -p - q = -1, 2*p - 6*q = -3*q + 2. Suppose -7 = -2*u - p. What is the units digit of u?
3
Let u(n) = 14*n**3 + n**2 - n + 1. Let r be u(1). Let y = 23 - r. What is the units digit of y?
8
Let f(c) = -1 + 5*c - 9*c - 5 - 2. What is the units digit of f(-3)?
4
Suppose -i = 2*k - 22, -3*i + 6*i - 3*k - 75 = 0. What is the units digit of i?
4
Suppose 3*k = c - 11, c - 5*c - k + 18 = 0. Suppose c*w = w + 52. What is the units digit of w?
3
Let x(d) = -3*d + 1. Let f be x(-4). Suppose -3*o + 4*o - 2 = 5*y, 2*y + 14 = -4*o. Let b = y + f. What is the units digit of b?
2
Let b be (0 - -1 - 0)*31. Suppose 0 = z - b + 9. What is the units digit of z?
2
Suppose -v = 3*v. Suppose v = x - 6 - 15. Let c = 30 - x. What is the units digit of c?
9
What is the units digit of ((-31)/(-2))/(4/8)?
1
Let o(f) = f**2 + 3*f + 13. What is the units digit of o(-6)?
1
Let c(m) = -5*m**3 - 2*m**2 - 2*m - 1. Let k be c(-1). Let i be (9 + 1)*2/k. Let h = 14 - i. What is the units digit of h?
9
What is the tens digit of 178/6 - -1 - 12/(-36)?
3
Let l(k) = k**2 + 4*k + 2. Let p be l(-4). Suppose -3*m = -2*m - p. Suppose 0*o - m*o = -6. What is the units digit of o?
3
Let f = 22 - 4. Suppose 0 = 3*y - y - f. What is the units digit of y/11 - (-6)/33?
1
Suppose 3*s = n + 5*s - 40, -2*n + 4*s + 40 = 0. What is the tens digit of n?
3
Suppose 5*h = -5*y + 3*y + 130, 0 = y + 5. What is the tens digit of h?
2
Suppose -13*d = 6 + 20. Suppose -220 = -5*z + 105. What is the units digit of 985/z - d/(-13)?
5
Let a(k) = k**3 - 6*k**2 + 5*k + 7. Let p be a(5). Let m = -4 + p. Suppose 0 = m*c - 2*c - 12. What is the units digit of c?
2
Let x(j) = j**3 + 9*j**2 + 6*j + 7. What is the units digit of x(-6)?
9
Suppose -15 = -3*w, 5*w - 25 = -4*q - q. Suppose -k - 2*i - 22 = -5*k, -k - 3*i - 5 = 0. Suppose -2*r = -3*d - 12, -k*d = -q*d. What is the units digit of r?
6
Let a = 52 + -24. What is the tens digit of a?
2
Suppose -n - 4*c = -0*n + 23, -2*c - 19 = n. Let t = -54 - -75. Let x = n + t. What is the units digit of x?
6
What is the units digit of (-1)/(-2) - (-3 + 381/(-6))?
7
Suppose 416 + 2084 = 20*c. What is the hundreds digit of c?
1
Suppose 3*d + o + 6 = -2*o, -5*d - o = -6. Suppose 2*j = t + d*t - 130, -j - 2 = 0. What is the tens digit of t?
4
Let o(q) be the second derivative of q**4/12 - 4*q**3/3 - 2*q**2 - 2*q. Let j be (-4)/(40/18)*-5. What is the units digit of o(j)?
5
Let d be 2 + -4 + 2 + -2. Let a be 58/10 - (-2)/10. What is the units digit of d/a + (-38)/(-6)?
6
Let j(s) = -4*s**2 - s. Suppose 2*o + 1 + 1 = 0. Let x be j(o). Let h = 8 + x. What is the units digit of h?
5
Let m(q) = q**2 + q + 7. What is the units digit of m(-5)?
7
Let y(c) = 14*c**2. What is the tens digit of y(-1)?
1
Suppose 3*a = -13 - 5. Let z be (-58)/a - 2/(-6). What is the units digit of ((-8)/z)/(3/(-15))?
4
Let x = 56 - 10. What is the units digit of x?
6
Suppose 0 = 3*d + 3*s + 12, 3*d + 26 = 3*s + s. Let a = d + 16. What is the units digit of a?
0
Suppose 4*g = -12, 5*y - g - 4*g - 25 = 0. Let s = -2 + 2. What is the units digit of (y - s)*2/4?
1
Let s(p) = 4*p - 42. What is the units digit of s(13)?
0
Suppose -4*l = -20, -5*l = -2*h - h + 179. What is the units digit of h?
8
Let f = 14 + -7. Let l = 17 + f. What is the tens digit of l?
2
Let a(o) = -o**2 - 7*o + 3. Let v be a(-8). Let q = 9 + v. What is the units digit of q?
4
Suppose 0 = 8*n - 3*n - 40. Let u(w) = w**3 - 9*w**2 + 9*w - 3. Let l be u(n). Suppose j - l = -0. What is the units digit of j?
5
Let s be (-21)/(-2)*480/56. Let f = -60 + s. What is the tens digit of f?
3
Let r = -17 + 60. What is the units digit of r?
3
Suppose 0 = -5*q + 321 - 121. What is the units digit of q?
0
Suppose 0 = 2*t + r - 217, 0 = 5*t - r - 302 - 258. What is the units digit of t?
1
Let k = 1 - -1. What is the units digit of 58 + 1*(4 - k)?
0
Let g be -2 + -2 + 5 + 0. Suppose 0 = 4*k - 3 - g. What is the units digit of k?
1
Let v = 7 - 3. Suppose w + v*w = -5. What is the units digit of (2 - (-3)/w) + 2?
1
What is the tens digit of ((-4)/(-1))/((-4)/(-42))?
4
Suppose 0 = 5*z + 5*v - 18 + 3, -6 = 3*v. Suppose 4*b - z = -1. What is the units digit of b?
1
Suppose 6*y - 94 = 8. What is the units digit of y?
7
Let r = -63 + 116. What is the tens digit of r?
5
Suppose -2*j + 5 = 4*q - 7, 4*j = -2*q + 18. Let y be j/(((-2)/(-3))/1). What is the units digit of y/(-15)*-10*1?
4
Let r be ((-12)/(-14))/(2/14). Let f be (-3)/r + (-14)/4. Let d(l) = 2*l**2 + 4*l - 5. What is the units digit of d(f)?
1
Let d be 22/4*-3*2. Let g = -19 - d. Suppose -3*z + g = -4. What is the units digit of z?
6
Suppose -n + 6*n + 2*j = 1252, -3*j - 12 = 0. What is the hundreds digit of n?
2
What is the units digit of 0 - (2 - 5 - 3)?
6
Let x(a) = a**2 - 4*a + 3. Let k be x(6). Suppose -s + 100 = 5*b, -k = 4*s + 5. What is the units digit of b?
1
Let w(o) = 2*o**2 + 8*o + 5. Suppose 5*j + 2*t + 25 = 0, -j = -5*j + t - 33. What is the units digit of w(j)?
7
Let j(v) = 2*v - 1. Let c(f) = -3*f + 4. Let p be c(4). Let r = 11 + p. What is the units digit of j(r)?
5
Let q = 12 - 9. Suppose -t = -4*l + 75, -5*l - 2*t = q*t - 75. What is the tens digit of l?
1
Let k(z) = -z**2 + 6*z - 1. Let m(s) = -s**2 + s - 8. Let h be m(0). Let o be (h/(-10))/2*10. What is the units digit of k(o)?
7
Let x(v) = v + 1. Let f(d) = d. Let w(i) = 3*f(i) + x(i). What is the units digit of w(7)?
9
What is the units digit of 27 - ((-12)/(-2))/(-2)?
0
Suppose 0 = 4*u - 4 - 0. Let c = u - 10. Let o = 10 + c. What is the units digit of o?
1
Suppose -2*i = 7*v - 2*v - 120, 0 = 3*v - i - 83. What is the tens digit of v?
2
Suppose -6 = 2*w - 5*o, -2*o - 6 = 5*w - 10*w. Let q = w - 1. What is the units digit of q?
1
Let u = 13 + -29. Let l = u - -11. Let j(a) = a**3 + 4*a**2 - 7*a - 5. What is the units digit of j(l)?
5
Let x(y) = 2*y**2 - 10*y + 6. What is the tens digit of x(6)?
1
Let d be 6/(-4)*2 - 1. Let f = 5 + d. What is the units digit of f?
1
Let a = 109 - -85. What is the units digit of a?
4
Suppose 5*f + 29 = h, 0 = 2*h - h + 1. What is the units digit of (-2 - (2 + f)) + 2?
4
Let k(l) = l**3 - 7*l**2 - l + 9. Let v be k(7). Suppose -w + v*i + 16 = 0, 4*w - 27 - 1 = -i. What is the units digit of w?
8
Suppose 4*n - 5 - 3 = 0. Let f = 2 + n. Suppose 2*t + f = 3*s - 3, -11 = -4*t + s. What is the units digit of t?
4
Let b be 33/12 + (-6)/(-24). Suppose 0 = -b*d + 7*d - 200. What is the units digit of d?
0
Suppose -4*a - 19 + 3 = n, -2*a = -2*n + 18. What is the units digit of (n/(-10))/(3/(-90))?
2
Let f(s) = -48*s**3 + 2*s**2 - 1. Let x be 10/(-8) + (-1)/(-4). What is the units digit of f(x)?
9
Let z = -